{"id":48,"date":"2017-11-12T00:22:29","date_gmt":"2017-11-12T00:22:29","guid":{"rendered":"http:\/\/relaunch.gpv-ev.de\/?page_id=48"},"modified":"2020-03-12T00:32:28","modified_gmt":"2020-03-12T00:32:28","slug":"archiv","status":"publish","type":"page","link":"https:\/\/gpv-ev.de\/?page_id=48","title":{"rendered":"Kooperationen"},"content":{"rendered":"<div id=\"Layer6\">\n<div align=\"left\">\n<p><strong><span style=\"font-family: verdana,geneva,sans-serif;\">Institut f\u00fcr Integrative Gestaltp\u00e4dagogik und Seelsorge IIGS,\u00a0 Akademie f\u00fcr Gruppe und Bildung AGB, Gestaltp\u00e4dagogik \u00d6sterreich GP.<\/span><\/strong><br \/>\n<span style=\"font-family: verdana,geneva,sans-serif;\">Seit 1997 Fallweise Kooperation bei Tagungen, Ver\u00f6ffentlichungen, gemeinsamen Weiterbildungsveranstaltungen<\/span><\/p>\n<p><span style=\"font-family: verdana,geneva,sans-serif;\"><strong>P\u00e4dagogische Hochschule Steiermark:<\/strong> <\/span><br \/>\n<span style=\"font-family: verdana,geneva,sans-serif;\">Seit 2008 Kooperationsprojekt \u201eGestaltp\u00e4dagogik als Br\u00fccke zum Fremden\u201c im Rahmen des SOKRATES-Programms der Europ\u00e4ischen Kommission<\/span><\/p>\n<p><span style=\"font-family: verdana,geneva,sans-serif;\"><strong>Kommission P\u00e4dagogik und Humanistische Psychologie<\/strong> der Deutschen Gesellschaft f\u00fcr Erziehungswissenschaft:<\/span><br \/>\n<span style=\"font-family: verdana,geneva,sans-serif;\">Seit M\u00e4rz 2014 Kooperationsvereinbarung zum Austausch von Theorie, Wissenschaft, Forschung und Praxis, wobei sich die Arbeitsfelder gegenseitig erg\u00e4nzen und bereichern.<\/span><\/p>\n<\/div>\n<\/div>\n","protected":false},"excerpt":{"rendered":"<p>Institut f\u00fcr Integrative Gestaltp\u00e4dagogik und Seelsorge IIGS,\u00a0 Akademie f\u00fcr Gruppe und Bildung AGB, Gestaltp\u00e4dagogik \u00d6sterreich GP. Seit 1997 Fallweise Kooperation bei Tagungen, Ver\u00f6ffentlichungen, gemeinsamen Weiterbildungsveranstaltungen P\u00e4dagogische Hochschule Steiermark: Seit 2008 Kooperationsprojekt \u201eGestaltp\u00e4dagogik als Br\u00fccke zum Fremden\u201c im Rahmen des SOKRATES-Programms der Europ\u00e4ischen Kommission Kommission P\u00e4dagogik und Humanistische Psychologie der Deutschen Gesellschaft f\u00fcr Erziehungswissenschaft: Seit M\u00e4rz [&hellip;]<\/p>\n","protected":false},"author":1,"featured_media":0,"parent":0,"menu_order":0,"comment_status":"closed","ping_status":"closed","template":"","meta":{"footnotes":""},"_links":{"self":[{"href":"https:\/\/gpv-ev.de\/index.php?rest_route=\/wp\/v2\/pages\/48"}],"collection":[{"href":"https:\/\/gpv-ev.de\/index.php?rest_route=\/wp\/v2\/pages"}],"about":[{"href":"https:\/\/gpv-ev.de\/index.php?rest_route=\/wp\/v2\/types\/page"}],"author":[{"embeddable":true,"href":"https:\/\/gpv-ev.de\/index.php?rest_route=\/wp\/v2\/users\/1"}],"replies":[{"embeddable":true,"href":"https:\/\/gpv-ev.de\/index.php?rest_route=%2Fwp%2Fv2%2Fcomments&post=48"}],"version-history":[{"count":6,"href":"https:\/\/gpv-ev.de\/index.php?rest_route=\/wp\/v2\/pages\/48\/revisions"}],"predecessor-version":[{"id":553,"href":"https:\/\/gpv-ev.de\/index.php?rest_route=\/wp\/v2\/pages\/48\/revisions\/553"}],"wp:attachment":[{"href":"https:\/\/gpv-ev.de\/index.php?rest_route=%2Fwp%2Fv2%2Fmedia&parent=48"}],"curies":[{"name":"wp","href":"https:\/\/api.w.org\/{rel}","templated":true}]}}