{"id":37,"date":"2017-11-12T00:21:07","date_gmt":"2017-11-12T00:21:07","guid":{"rendered":"http:\/\/relaunch.gpv-ev.de\/?page_id=37"},"modified":"2020-03-12T10:22:13","modified_gmt":"2020-03-12T10:22:13","slug":"zeitschrift","status":"publish","type":"page","link":"https:\/\/gpv-ev.de\/?page_id=37","title":{"rendered":"Zeitschrift f\u00fcr Gestaltp\u00e4dagogik"},"content":{"rendered":"<p><span style=\"font-family: verdana, geneva, sans-serif; font-size: 12pt;\">ISSN 1615-6404<br \/>\nDie Zeitschrift befindet sich derzeit in Neuorganisation. Eine endg\u00fcltige Entscheidung \u00fcber die Art des Fortbestehens wird noch diskutiert.<\/span><\/p>\n<table>\n<tbody>\n<tr>\n<td style=\"width: 222px;\" valign=\"top\"><span style=\"font-family: verdana, geneva, sans-serif; font-size: 12pt;\">Redaktion:<\/span><\/td>\n<td style=\"width: 1141px;\"><a href=\"https:\/\/gpv-ev.de\/?page_id=79\"><span style=\"font-family: verdana, geneva, sans-serif; font-size: 12pt;\">Vorstand<\/span><\/a><\/td>\n<\/tr>\n<tr>\n<td style=\"width: 222px;\" valign=\"top\"><span style=\"font-family: verdana, geneva, sans-serif; font-size: 12pt;\">Wissenschaftlicher Beirat:<\/span><\/td>\n<td style=\"width: 1141px;\"><span style=\"font-family: verdana, geneva, sans-serif; font-size: 12pt;\">Prof. Dr. J\u00f6rg B\u00fcrmann, Mainz (Sprecher); Prof. Dr. Olaf-Axel Burow, Kassel; Prof. Dr. Ulrike Graf, Heidelberg; Prof. Dr. MHEd. Telse A. Iwers, Hamburg; Doc. PhDr. Ivica Kole\u010d\u00e1ni Len\u010dov\u00e1 PhD, Bratislava; Prof. Dr. Hedwig Ortmann, Bremen<\/span><\/td>\n<\/tr>\n<tr>\n<td style=\"width: 222px;\" valign=\"top\"><span style=\"font-family: verdana, geneva, sans-serif; font-size: 12pt;\">Kontakt:<\/span><\/td>\n<td style=\"width: 1141px;\"><span style=\"font-family: verdana, geneva, sans-serif; font-size: 12pt;\">Ute Kienzl, <a href=\"mailto:ute.kienzl@gmx.at\">ute.kienzl@gmx.at<\/a><\/span><\/td>\n<\/tr>\n<\/tbody>\n<\/table>\n<p><span style=\"font-family: verdana, geneva, sans-serif; font-size: 12pt;\">Die Zeitschrift ist gleichzeitig die Mitgliederzeitschrift der GPV. Sie besch\u00e4ftigt sich mit zentralen Themen der Gestaltp\u00e4dagogik und ihrer Anwendung. Jede Ausgabe ist einem Schwerpunktthema gewidmet und wird auch als Einzelpublikation unter einer eigenen ISBN gef\u00fchrt (ISBN 978-89797-700-6ff.).<\/span><\/p>\n<p><span style=\"font-family: verdana,geneva,sans-serif;\">Die Zeitschrift befindet sich derzeit in Umgestaltung<\/span><\/p>\n<p><span style=\"font-family: verdana, geneva, sans-serif; font-size: 12pt;\">Gestalt als\u00a0<b>praktische Lebensphilosophie und Gesamthaltung<\/b>\u00a0bietet P\u00e4dagoginnen und P\u00e4dagogen die M\u00f6glichkeit, auf die vielf\u00e4ltigen Herausforderungen ihres beruflichen Alltags mit dem Entdecken, Erfinden und Ausprobieren\u00a0<b>eigener L\u00f6sungswege<\/b>\u00a0jenseits festgefahrener Denkmuster und \u00fcberkommener \u00dcberzeugungen zu antworten.<\/span><br \/>\n<span style=\"font-family: verdana, geneva, sans-serif; font-size: 12pt;\">Gerade die\u00a0<b>Situation im Erziehungs- und Bildungsbereich<\/b>\u00a0ist gekennzeichnet von st\u00e4ndig wachsenden Forderungen: So sind p\u00e4dagogisch arbeitende Menschen wachsend mit vielf\u00e4ltigen Anforderungen und Belastungen konfrontiert.<\/span><br \/>\n<span style=\"font-family: verdana, geneva, sans-serif; font-size: 12pt;\">Daher verlangen die gesellschaftlichen Ver\u00e4nderungen eine P\u00e4dagogik, die in den jeweiligen Situationen entsprechende Antworten zu (er)finden wei\u00df.<\/span><\/p>\n<p><span style=\"font-family: verdana, geneva, sans-serif; font-size: 12pt;\"><i>Print-Preise<\/i><\/span><br \/>\n<span style=\"font-family: verdana, geneva, sans-serif; font-size: 12pt;\">Abonnement: EUR 16,- + Versandkosten<\/span><br \/>\n<span style=\"font-family: verdana, geneva, sans-serif; font-size: 12pt;\">Einzelheft: EUR 9,-<\/span><\/p>\n<p><span style=\"font-family: verdana, geneva, sans-serif; font-size: 12pt;\"><i>Digital-Preise<\/i><\/span><br \/>\n<span style=\"font-family: verdana, geneva, sans-serif; font-size: 12pt;\">Einzelner Aufsatz: EUR 4,99<\/span><br \/>\n<span style=\"font-family: verdana, geneva, sans-serif; font-size: 12pt;\">Einzelheft (PDF): EUR 7,99<\/span><br \/>\n<span style=\"font-family: verdana, geneva, sans-serif; font-size: 12pt;\">Abonnement (PDF): EUR 13,99<\/span><br \/>\n<span style=\"font-family: verdana, geneva, sans-serif; font-size: 12pt;\">Bundle-Abo (Print + PDF): EUR 22,99<\/span><\/p>\n<p><span style=\"font-family: verdana, geneva, sans-serif; font-size: 12pt;\">Abos, Einzel- und Probeexemplare k\u00f6nnen sie direkt beim Verlag\u00a0<a href=\"https:\/\/ehp-koeln.com\/versandbuchhandlung\/bestellung_extern.php\">bestellen<\/a>.<\/span><\/p>\n<p><span style=\"font-family: verdana, geneva, sans-serif; font-size: 12pt;\">Zweimonatige K\u00fcndigungsfrist zum Jahresende<\/span><\/p>\n<p><span style=\"font-family: verdana, geneva, sans-serif; font-size: 12pt;\">Bezugsbedingungen und Anzeigenpreise, Probehefte sowie weitere Informationen beim Verlag.<\/span><\/p>\n<p><span style=\"font-family: verdana, geneva, sans-serif;\"><strong>S\u00e4mtlich Artikel der Zeitschrift sind durch Inhaltsverzeichnisse erschlossen<\/strong><\/span><\/p>\n<p><span style=\"font-family: verdana, geneva, sans-serif;\">Die Zeitschriften bis 1999 sind vergriffen. Auf <a href=\"mailto:u-niemann@web.de\">Anfrage<\/a>\u00a0stehen einzelne Aufs\u00e4tze als Kopie zur Verf\u00fcgung. <a href=\"https:\/\/gpv-ev.de\/wp-content\/uploads\/2018\/12\/ZfGp-Inhaltsverzeichnis-1991-1999-Eigenverlag.pdf\">Inhaltsverzeichnis 1991-1999<\/a><\/span><\/p>\n<p><span style=\"font-family: verdana, geneva, sans-serif;\">Einige weitere Ausgaben bis 2002 sind ebenfalls auf <a href=\"mailto:ute.kienzl@utanet.at\">Anfrage<\/a> noch zu haben. <a href=\"https:\/\/gpv-ev.de\/wp-content\/uploads\/2018\/12\/ZfGp-Inhaltsverzeichnis-2000-2002-Klinkhardt-Verlag.pdf\">Inhaltsverzeichnis 2000-2002<\/a><\/span><\/p>\n<p><span style=\"font-family: verdana, geneva, sans-serif;\">Ab 2002 erscheint die Zeitschrift im EHP-Verlag. S\u00e4mtliche Hefte k\u00f6nnen \u00fcber den <a href=\"https:\/\/ehp-koeln.com\/zeitschriften\/zeitschriftfgp.php\">Verlag<\/a> bestellt; dort ist auch ein <a href=\"https:\/\/ehp-koeln.com\/zeitschriften\/zeitschriftfgp_inhalt.php\">Inhaltsverzeichnis<\/a> s\u00e4mtlicher Ausgaben zug\u00e4nglich. Einzelne Aufs\u00e4tze k\u00f6nnen auch digital bezogen werden.<\/span><\/p>\n","protected":false},"excerpt":{"rendered":"<p>ISSN 1615-6404 Die Zeitschrift befindet sich derzeit in Neuorganisation. Eine endg\u00fcltige Entscheidung \u00fcber die Art des Fortbestehens wird noch diskutiert. Redaktion: Vorstand Wissenschaftlicher Beirat: Prof. Dr. J\u00f6rg B\u00fcrmann, Mainz (Sprecher); Prof. Dr. Olaf-Axel Burow, Kassel; Prof. Dr. Ulrike Graf, Heidelberg; Prof. Dr. MHEd. Telse A. Iwers, Hamburg; Doc. PhDr. Ivica Kole\u010d\u00e1ni Len\u010dov\u00e1 PhD, Bratislava; Prof. [&hellip;]<\/p>\n","protected":false},"author":1,"featured_media":0,"parent":0,"menu_order":0,"comment_status":"closed","ping_status":"closed","template":"","meta":{"footnotes":""},"_links":{"self":[{"href":"https:\/\/gpv-ev.de\/index.php?rest_route=\/wp\/v2\/pages\/37"}],"collection":[{"href":"https:\/\/gpv-ev.de\/index.php?rest_route=\/wp\/v2\/pages"}],"about":[{"href":"https:\/\/gpv-ev.de\/index.php?rest_route=\/wp\/v2\/types\/page"}],"author":[{"embeddable":true,"href":"https:\/\/gpv-ev.de\/index.php?rest_route=\/wp\/v2\/users\/1"}],"replies":[{"embeddable":true,"href":"https:\/\/gpv-ev.de\/index.php?rest_route=%2Fwp%2Fv2%2Fcomments&post=37"}],"version-history":[{"count":16,"href":"https:\/\/gpv-ev.de\/index.php?rest_route=\/wp\/v2\/pages\/37\/revisions"}],"predecessor-version":[{"id":561,"href":"https:\/\/gpv-ev.de\/index.php?rest_route=\/wp\/v2\/pages\/37\/revisions\/561"}],"wp:attachment":[{"href":"https:\/\/gpv-ev.de\/index.php?rest_route=%2Fwp%2Fv2%2Fmedia&parent=37"}],"curies":[{"name":"wp","href":"https:\/\/api.w.org\/{rel}","templated":true}]}}

Zeitschrift für Gestaltpädagogik

<p><span style="font-family: verdana, geneva, sans-serif; font-size: 12pt;">ISSN 1615-6404<br />
Die Zeitschrift befindet sich derzeit in Neuorganisation. Eine endgültige Entscheidung über die Art des Fortbestehens wird noch diskutiert.</span></p>
<table>
<tbody>
<tr>
<td style="width: 222px;" valign="top"><span style="font-family: verdana, geneva, sans-serif; font-size: 12pt;">Redaktion:</span></td>
<td style="width: 1141px;"><a href="https://gpv-ev.de/?page_id=79"><span style="font-family: verdana, geneva, sans-serif; font-size: 12pt;">Vorstand</span></a></td>
</tr>
<tr>
<td style="width: 222px;" valign="top"><span style="font-family: verdana, geneva, sans-serif; font-size: 12pt;">Wissenschaftlicher Beirat:</span></td>
<td style="width: 1141px;"><span style="font-family: verdana, geneva, sans-serif; font-size: 12pt;">Prof. Dr. Jörg Bürmann, Mainz (Sprecher); Prof. Dr. Olaf-Axel Burow, Kassel; Prof. Dr. Ulrike Graf, Heidelberg; Prof. Dr. MHEd. Telse A. Iwers, Hamburg; Doc. PhDr. Ivica Kolečáni Lenčová PhD, Bratislava; Prof. Dr. Hedwig Ortmann, Bremen</span></td>
</tr>
<tr>
<td style="width: 222px;" valign="top"><span style="font-family: verdana, geneva, sans-serif; font-size: 12pt;">Kontakt:</span></td>
<td style="width: 1141px;"><span style="font-family: verdana, geneva, sans-serif; font-size: 12pt;">Ute Kienzl, <a href="mailto:ute.kienzl@gmx.at">ute.kienzl@gmx.at</a></span></td>
</tr>
</tbody>
</table>
<p><span style="font-family: verdana, geneva, sans-serif; font-size: 12pt;">Die Zeitschrift ist gleichzeitig die Mitgliederzeitschrift der GPV. Sie beschäftigt sich mit zentralen Themen der Gestaltpädagogik und ihrer Anwendung. Jede Ausgabe ist einem Schwerpunktthema gewidmet und wird auch als Einzelpublikation unter einer eigenen ISBN geführt (ISBN 978-89797-700-6ff.).</span></p>
<p><span style="font-family: verdana,geneva,sans-serif;">Die Zeitschrift befindet sich derzeit in Umgestaltung</span></p>
<p><span style="font-family: verdana, geneva, sans-serif; font-size: 12pt;">Gestalt als <b>praktische Lebensphilosophie und Gesamthaltung</b> bietet Pädagoginnen und Pädagogen die Möglichkeit, auf die vielfältigen Herausforderungen ihres beruflichen Alltags mit dem Entdecken, Erfinden und Ausprobieren <b>eigener Lösungswege</b> jenseits festgefahrener Denkmuster und überkommener Überzeugungen zu antworten.</span><br />
<span style="font-family: verdana, geneva, sans-serif; font-size: 12pt;">Gerade die <b>Situation im Erziehungs- und Bildungsbereich</b> ist gekennzeichnet von ständig wachsenden Forderungen: So sind pädagogisch arbeitende Menschen wachsend mit vielfältigen Anforderungen und Belastungen konfrontiert.</span><br />
<span style="font-family: verdana, geneva, sans-serif; font-size: 12pt;">Daher verlangen die gesellschaftlichen Veränderungen eine Pädagogik, die in den jeweiligen Situationen entsprechende Antworten zu (er)finden weiß.</span></p>
<p><span style="font-family: verdana, geneva, sans-serif; font-size: 12pt;"><i>Print-Preise</i></span><br />
<span style="font-family: verdana, geneva, sans-serif; font-size: 12pt;">Abonnement: EUR 16,- + Versandkosten</span><br />
<span style="font-family: verdana, geneva, sans-serif; font-size: 12pt;">Einzelheft: EUR 9,-</span></p>
<p><span style="font-family: verdana, geneva, sans-serif; font-size: 12pt;"><i>Digital-Preise</i></span><br />
<span style="font-family: verdana, geneva, sans-serif; font-size: 12pt;">Einzelner Aufsatz: EUR 4,99</span><br />
<span style="font-family: verdana, geneva, sans-serif; font-size: 12pt;">Einzelheft (PDF): EUR 7,99</span><br />
<span style="font-family: verdana, geneva, sans-serif; font-size: 12pt;">Abonnement (PDF): EUR 13,99</span><br />
<span style="font-family: verdana, geneva, sans-serif; font-size: 12pt;">Bundle-Abo (Print + PDF): EUR 22,99</span></p>
<p><span style="font-family: verdana, geneva, sans-serif; font-size: 12pt;">Abos, Einzel- und Probeexemplare können sie direkt beim Verlag <a href="https://ehp-koeln.com/versandbuchhandlung/bestellung_extern.php">bestellen</a>.</span></p>
<p><span style="font-family: verdana, geneva, sans-serif; font-size: 12pt;">Zweimonatige Kündigungsfrist zum Jahresende</span></p>
<p><span style="font-family: verdana, geneva, sans-serif; font-size: 12pt;">Bezugsbedingungen und Anzeigenpreise, Probehefte sowie weitere Informationen beim Verlag.</span></p>
<p><span style="font-family: verdana, geneva, sans-serif;"><strong>Sämtlich Artikel der Zeitschrift sind durch Inhaltsverzeichnisse erschlossen</strong></span></p>
<p><span style="font-family: verdana, geneva, sans-serif;">Die Zeitschriften bis 1999 sind vergriffen. Auf <a href="mailto:u-niemann@web.de">Anfrage</a> stehen einzelne Aufsätze als Kopie zur Verfügung. <a href="https://gpv-ev.de/wp-content/uploads/2018/12/ZfGp-Inhaltsverzeichnis-1991-1999-Eigenverlag.pdf">Inhaltsverzeichnis 1991-1999</a></span></p>
<p><span style="font-family: verdana, geneva, sans-serif;">Einige weitere Ausgaben bis 2002 sind ebenfalls auf <a href="mailto:ute.kienzl@utanet.at">Anfrage</a> noch zu haben. <a href="https://gpv-ev.de/wp-content/uploads/2018/12/ZfGp-Inhaltsverzeichnis-2000-2002-Klinkhardt-Verlag.pdf">Inhaltsverzeichnis 2000-2002</a></span></p>
<p><span style="font-family: verdana, geneva, sans-serif;">Ab 2002 erscheint die Zeitschrift im EHP-Verlag. Sämtliche Hefte können über den <a href="https://ehp-koeln.com/zeitschriften/zeitschriftfgp.php">Verlag</a> bestellt; dort ist auch ein <a href="https://ehp-koeln.com/zeitschriften/zeitschriftfgp_inhalt.php">Inhaltsverzeichnis</a> sämtlicher Ausgaben zugänglich. Einzelne Aufsätze können auch digital bezogen werden.</span></p>

<p>ISSN 1615-6404 Die Zeitschrift befindet sich derzeit in Neuorganisation. Eine endgültige Entscheidung über die Art des Fortbestehens wird noch diskutiert. Redaktion: Vorstand Wissenschaftlicher Beirat: Prof. Dr. Jörg Bürmann, Mainz (Sprecher); Prof. Dr. Olaf-Axel Burow, Kassel; Prof. Dr. Ulrike Graf, Heidelberg; Prof. Dr. MHEd. Telse A. Iwers, Hamburg; Doc. PhDr. Ivica Kolečáni Lenčová PhD, Bratislava; Prof. [&hellip;]</p>
