{"id":11,"date":"2017-11-11T23:08:32","date_gmt":"2017-11-11T23:08:32","guid":{"rendered":"http:\/\/relaunch.gpv-ev.de\/?page_id=11"},"modified":"2017-11-19T13:00:34","modified_gmt":"2017-11-19T13:00:34","slug":"graz","status":"publish","type":"page","link":"https:\/\/gpv-ev.de\/?page_id=11","title":{"rendered":"Regionalgruppe Graz"},"content":{"rendered":"<div id=\"Layer6\">\n<div align=\"center\">\n<p align=\"left\"><span style=\"font-family: verdana, geneva, sans-serif; font-size: 12pt;\"><b>Gestaltp\u00e4dagogische Treffen in Graz<\/b> <\/span><\/p>\n<p align=\"left\"><span style=\"font-family: verdana, geneva, sans-serif; font-size: 12pt;\"><a href=\"https:\/\/gpv-ev.de\/?page_id=151\">Nachlese zum Treffen am 24.4.2010<\/a><\/span><\/p>\n<p align=\"left\"><span style=\"font-size: 12pt;\"><a href=\"https:\/\/gpv-ev.de\/?page_id=187\"><span style=\"font-family: verdana, geneva, sans-serif;\">Nachlese zum Treffen &#8222;Waldorf meets Gestaltp\u00e4dagogik&#8220;<\/span><\/a><\/span><\/p>\n<p align=\"left\"><span style=\"font-family: verdana, geneva, sans-serif; font-size: 12pt;\"><a href=\"https:\/\/gpv-ev.de\/?page_id=192\">\u00dcber das Treffen vom 13.3.2009<\/a><a href=\"http:\/\/www.gestaltpaed.de\/graz\/regionalgruppentreffenmaerz09.pdf\" target=\"_blank\" rel=\"noopener\"><\/a><\/span><\/p>\n<p align=\"left\"><span style=\"font-family: verdana, geneva, sans-serif; font-size: 12pt;\"><a href=\"https:\/\/gpv-ev.de\/?page_id=158\">Nachlese zum ersten Regionaltreffen<\/a><\/span><\/p>\n<p align=\"left\"><span style=\"font-family: verdana, geneva, sans-serif; font-size: 12pt;\">Liebe Gr\u00fc\u00dfe<br \/>\nUte<\/span><\/p>\n<\/div>\n<\/div>\n","protected":false},"excerpt":{"rendered":"<p>Gestaltp\u00e4dagogische Treffen in Graz Nachlese zum Treffen am 24.4.2010 Nachlese zum Treffen &#8222;Waldorf meets Gestaltp\u00e4dagogik&#8220; \u00dcber das Treffen vom 13.3.2009 Nachlese zum ersten Regionaltreffen Liebe Gr\u00fc\u00dfe Ute<\/p>\n","protected":false},"author":1,"featured_media":0,"parent":0,"menu_order":0,"comment_status":"closed","ping_status":"closed","template":"","meta":{"footnotes":""},"_links":{"self":[{"href":"https:\/\/gpv-ev.de\/index.php?rest_route=\/wp\/v2\/pages\/11"}],"collection":[{"href":"https:\/\/gpv-ev.de\/index.php?rest_route=\/wp\/v2\/pages"}],"about":[{"href":"https:\/\/gpv-ev.de\/index.php?rest_route=\/wp\/v2\/types\/page"}],"author":[{"embeddable":true,"href":"https:\/\/gpv-ev.de\/index.php?rest_route=\/wp\/v2\/users\/1"}],"replies":[{"embeddable":true,"href":"https:\/\/gpv-ev.de\/index.php?rest_route=%2Fwp%2Fv2%2Fcomments&post=11"}],"version-history":[{"count":7,"href":"https:\/\/gpv-ev.de\/index.php?rest_route=\/wp\/v2\/pages\/11\/revisions"}],"predecessor-version":[{"id":194,"href":"https:\/\/gpv-ev.de\/index.php?rest_route=\/wp\/v2\/pages\/11\/revisions\/194"}],"wp:attachment":[{"href":"https:\/\/gpv-ev.de\/index.php?rest_route=%2Fwp%2Fv2%2Fmedia&parent=11"}],"curies":[{"name":"wp","href":"https:\/\/api.w.org\/{rel}","templated":true}]}}