{"id":104,"date":"2017-11-12T03:24:26","date_gmt":"2017-11-12T03:24:26","guid":{"rendered":"http:\/\/relaunch.gpv-ev.de\/?page_id=104"},"modified":"2024-03-05T09:50:14","modified_gmt":"2024-03-05T09:50:14","slug":"impressum-nutzungsbedingungen-haftungshinweis","status":"publish","type":"page","link":"https:\/\/gpv-ev.de\/?page_id=104","title":{"rendered":"Impressum, Nutzungsbedingungen, Haftungshinweis"},"content":{"rendered":"<table border=\"0\" width=\"100%\" align=\"center\">\n<tbody>\n<tr>\n<td colspan=\"3\" height=\"36\"><span style=\"font-family: verdana, geneva, sans-serif; font-size: 12pt;\"><b>Gestaltp\u00e4dagogische Vereinigung e.V.<\/b><br \/>\nVereinsregister 10163 Nz, Amtsgericht Charlottenburg<\/span><\/td>\n<\/tr>\n<tr>\n<td valign=\"top\" width=\"16%\" height=\"105\"><span style=\"font-family: verdana, geneva, sans-serif; font-size: 12pt;\">Vorsitzende:<\/span><\/td>\n<td valign=\"top\" width=\"42%\" height=\"105\"><span style=\"font-size: 12pt; font-family: verdana, geneva, sans-serif;\">Patricia Thaller<br \/>\nProjektschule Graz<br \/>\nMoserhofgasse 3a<br \/>\n8010 Graz<br \/>\n004366473761058<br \/>\npatricia.thaller@yahoo.com<\/span><\/td>\n<td valign=\"top\" width=\"42%\" height=\"105\"><\/td>\n<\/tr>\n<tr>\n<td colspan=\"3\" valign=\"top\" height=\"880\"><span style=\"font-family: verdana, geneva, sans-serif; font-size: 12pt;\"><b><br \/>\nNutzungsbedingungen<br \/>\n<\/b><\/span><span style=\"font-size: 12pt; font-family: verdana, geneva, sans-serif;\">Der Besuch der Internetseiten der GPV ev. ist Gegenstand der nachfolgenden Nutzungsbedingungen, die Sie mit dem Besuch einer oder mehrerer Seiten anerkennen.<\/span><span style=\"font-family: verdana, geneva, sans-serif; font-size: 12pt;\">Die GPV ev. stellt auf ihren Internetseiten Inhalte des Vereins dar und anderen Interessenten zur allgemeinen Information zur Verf\u00fcgung. <\/span><span style=\"font-family: verdana, geneva, sans-serif; font-size: 12pt;\">Zweck der Informationen ist die Unterrichtung des Besuchers, nicht jedoch ein unmittelbarer Einsatz, z.B. zu gewerblichen oder technischen Zwecken.<\/span><span style=\"font-family: verdana, geneva, sans-serif; font-size: 12pt;\">Die GPV ev. ist bem\u00fcht, daf\u00fcr Sorge zu tragen, dass die Inhalte auf den Internetseiten zeitnah, vollst\u00e4ndig und richtig sind, was aber auf Grund der raschen \u00c4nderung von Informationen nicht immer m\u00f6glich ist.<\/span><span style=\"font-family: verdana, geneva, sans-serif; font-size: 12pt;\">Es wird keinerlei Gew\u00e4hr f\u00fcr die Aktualit\u00e4t, die Richtigkeit, die Vollst\u00e4ndigkeit oder die Qualit\u00e4t der bereitgestellten Informationen \u00fcbernommen. Haftungsanspr\u00fcche, die ihren Ursprung in der Unrichtigkeit, der Unvollst\u00e4ndigkeit oder der Missverst\u00e4ndlichkeit der Informationen haben, sind grunds\u00e4tzlich ausgeschlossen.<\/span><span style=\"font-size: 12pt; font-family: verdana, geneva, sans-serif;\">\u00a0<\/span><span style=\"font-family: verdana, geneva, sans-serif; font-size: 12pt;\"><b>Haftungshinweis<br \/>\n<\/b><\/span><span style=\"font-family: verdana, geneva, sans-serif; font-size: 12pt;\">Wir bieten auf unserer Website einige Links an, die auf fremde (externe) Webseiten verweisen. Grunds\u00e4tzlich kann jeder Leser unserer Website davon ausgehen, dass diese Links auf ihren Inhalt \u00fcberpr\u00fcft sind. Wir verweisen also nicht auf Internet-Seiten, die rassistische, pornografische, gewaltverherrlichende oder in anderer Weise diskriminierende oder ehrverletzende Inhalte bereitstellen.<br \/>\nAlle Seiten, auf die wir verweisen, dienen nur dem Zweck, unser Informationsangebot aus dem Bereich Gestaltp\u00e4dagogik und Bildung zu erweitern. <\/span><\/p>\n<p><span style=\"font-family: verdana, geneva, sans-serif; font-size: 12pt;\">Wir kommen unserer Verantwortung f\u00fcr die Link-Angebote nach bestem Verm\u00f6gen nach.<br \/>\nSollten Sie einen &#8222;bad link&#8220; finden, der mit unseren Grunds\u00e4tzen unvereinbar ist, bitten wir um Nachricht an den Webmaster.<br \/>\nwebmaster(at)gpv-ev.de<\/span><\/p>\n<p><strong><span style=\"font-size: 12pt; font-family: verdana, geneva, sans-serif;\">Datenschutz\/Cookie Information von Gestaltp\u00e4dagogische Vereinigung GPV e. V.<\/span><\/strong><br \/>\n<span style=\"font-size: 12pt; font-family: verdana, geneva, sans-serif;\">(Stand: Juni 2018)<\/span><\/p>\n<p><strong><span style=\"font-size: 12pt; font-family: verdana, geneva, sans-serif;\">Erkl\u00e4rung zur Informationspflicht<\/span><\/strong><br \/>\n<span style=\"font-size: 12pt; font-family: verdana, geneva, sans-serif;\">(Datenschutzerkl\u00e4rung)<br \/>\n<\/span><span style=\"font-size: 12pt; font-family: verdana, geneva, sans-serif;\">Der Schutz Ihrer pers\u00f6nlichen Daten ist uns ein besonderes Anliegen. Wir verarbeiten Ihre Daten daher ausschlie\u00dflich auf Grundlage der gesetzlichen Bestimmungen (DSGVO, TKG 2003). In diesen Datenschutzinformationen informieren wir Sie \u00fcber die wichtigsten Aspekte der Datenverarbeitung im Rahmen unserer Website.<\/span><\/p>\n<p><span style=\"font-size: 12pt; font-family: verdana, geneva, sans-serif;\"><strong>Wer ist f\u00fcr die Datenverarbeitung verantwortlich?<\/strong> <\/span><br \/>\n<span style=\"font-size: 12pt; font-family: verdana, geneva, sans-serif;\">Verantwortlich f\u00fcr die Verarbeitung Ihrer personenbezogenen Daten im Zusammenhang mit der Nutzung dieser Internetseite: Ute Kienzl, Sternwirtweg 22b, A-8047 Graz, \u00d6sterreich, ute.kienzl(at)gmx.de<\/span><\/p>\n<p><strong><span style=\"font-size: 12pt; font-family: verdana, geneva, sans-serif;\">Kontakt mit uns<br \/>\n<\/span><\/strong><span style=\"font-size: 12pt; font-family: verdana, geneva, sans-serif;\">Wenn Sie per Formular auf der Website oder per E-Mail Kontakt mit uns aufnehmen, werden Ihre angegebenen Daten zwecks Bearbeitung der Anfrage und f\u00fcr den Fall von Anschlussfragen sechs Monate bei uns gespeichert. Diese Daten geben wir nicht ohne Ihre Einwilligung weiter.<\/span><\/p>\n<p><span style=\"font-family: verdana, geneva, sans-serif; font-size: 12pt;\"><strong>Cookies<br \/>\n<\/strong><\/span><span style=\"font-family: verdana, geneva, sans-serif; font-size: 12pt;\">Unsere Website verwendet so genannte Cookies. Dabei handelt es sich um kleine Textdateien, die mit Hilfe des Browsers auf Ihrem Endger\u00e4t abgelegt werden. Sie richten keinen Schaden an.<br \/>\n<\/span><span style=\"font-family: verdana, geneva, sans-serif; font-size: 12pt;\">Wir nutzen Cookies dazu, unser Angebot nutzerfreundlich zu gestalten. Einige Cookies bleiben auf Ihrem Endger\u00e4t gespeichert, bis Sie diese l\u00f6schen. Sie erm\u00f6glichen es uns, Ihren Browser beim n\u00e4chsten Besuch wiederzuerkennen.<br \/>\n<\/span><span style=\"font-family: verdana, geneva, sans-serif; font-size: 12pt;\">Wenn Sie dies nicht w\u00fcnschen, so k\u00f6nnen Sie Ihren Browser so einrichten, dass er Sie \u00fcber das Setzen von Cookies informiert und Sie dies nur im Einzelfall erlauben.<br \/>\n<\/span><span style=\"font-family: verdana, geneva, sans-serif; font-size: 12pt;\">Bei der Deaktivierung von Cookies kann die Funktionalit\u00e4t unserer Website eingeschr\u00e4nkt sein.<\/span><\/p>\n<p><strong><span style=\"font-family: verdana, geneva, sans-serif; font-size: 12pt;\">Funktionseinschr\u00e4nkungen ohne Cookies<br \/>\n<\/span><\/strong><span style=\"font-family: verdana, geneva, sans-serif; font-size: 12pt;\">Wenn Sie uns generell nicht gestatten, Cookies zu nutzen, werden gewisse Funktionen und Seiten nicht wie erwartet funktionieren.\u00a0Sie k\u00f6nnen jederzeit Cookies, die sich bereits auf Ihrem Computer befinden, l\u00f6schen. Die Vorgangsweise dazu ist nach Browser unterschiedlich, bitte schauen Sie in Ihrer Browseranleitung nach (unter \u201eHilfe\u201c im Browsermen\u00fc)<\/span><\/p>\n<p><strong><span style=\"font-family: verdana, geneva, sans-serif; font-size: 12pt;\">Ih<\/span><\/strong><strong><span style=\"font-family: verdana, geneva, sans-serif; font-size: 12pt;\">re Rechte<br \/>\n<\/span><\/strong><span style=\"font-family: verdana, geneva, sans-serif; font-size: 12pt;\">Ihnen stehen grunds\u00e4tzlich die Rechte auf Auskunft, Berichtigung, L\u00f6schung, Einschr\u00e4nkung, Daten\u00fcbertragbarkeit, Widerruf und Widerspruch zu. Wenn Sie glauben, dass die Verarbeitung Ihrer Daten gegen das Datenschutzrecht verst\u00f6\u00dft oder Ihre datenschutzrechtlichen Anspr\u00fcche sonst in einer Weise verletzt worden sind, k\u00f6nnen Sie sich bei der Aufsichtsbeh\u00f6rde beschweren.<\/span><\/p>\n<p><span style=\"font-family: verdana, geneva, sans-serif; font-size: 12pt;\"><strong>Wer hat Zugang zu Ihren Daten und aus welchem Grund?<\/strong> <\/span><br \/>\n<span style=\"font-family: verdana, geneva, sans-serif; font-size: 12pt;\">Bei Gestaltp\u00e4dagogische Vereinigung GPV e.V. erhalten nur Personen Zugang zu Ihren Daten, die diese zur Erledigung der Ihnen \u00fcbertragenen Aufgaben ben\u00f6tigen. Au\u00dferhalb von GPV e.V. \u00a0k\u00f6nnen Dienstleister, die uns bei der Erf\u00fcllung unserer Aufgaben unterst\u00fctzen, Zugang zu Ihren Daten erhalten. Dies sind zum Beispiel Dienstleister, die wir mit dem Betrieb der Website, oder unserem Server beauftragt haben. Von uns eingesetzte Dienstleister m\u00fcssen besondere Vertraulichkeitsanforderungen erf\u00fcllen. Sie erhalten nur in dem Umfang und f\u00fcr den Zeitraum Zugang zu Ihren Daten, der f\u00fcr die Erf\u00fcllung der Aufgaben erforderlich ist.<\/span><\/p>\n<p><span style=\"font-family: verdana, geneva, sans-serif; font-size: 12pt;\"><strong>Werden Daten au\u00dferhalb der Europ\u00e4ischen Union verarbeitet?<\/strong> <\/span><br \/>\n<span style=\"font-family: verdana, geneva, sans-serif; font-size: 12pt;\">Nein<\/span><\/p>\n<p><span style=\"font-family: verdana, geneva, sans-serif; font-size: 12pt;\"><strong>An wen k\u00f6nnen Sie sich bei Fragen zur Datenverarbeitung wenden?<\/strong> <\/span><br \/>\n<span style=\"font-family: verdana, geneva, sans-serif; font-size: 12pt;\">Fragen zur Verarbeitung Ihrer Daten k\u00f6nnen Sie jederzeit an den Datenschutzbeauftragten richten: Ute Kienzl, Sternwirtweg 22b, A-8047 Graz, \u00d6sterreich, ute.kienzl(at)gmx.de<\/span><\/td>\n<\/tr>\n<\/tbody>\n<\/table>\n","protected":false},"excerpt":{"rendered":"<p>Gestaltp\u00e4dagogische Vereinigung e.V. Vereinsregister 10163 Nz, Amtsgericht Charlottenburg Vorsitzende: Patricia Thaller Projektschule Graz Moserhofgasse 3a 8010 Graz 004366473761058 patricia.thaller@yahoo.com Nutzungsbedingungen Der Besuch der Internetseiten der GPV ev. ist Gegenstand der nachfolgenden Nutzungsbedingungen, die Sie mit dem Besuch einer oder mehrerer Seiten anerkennen.Die GPV ev. stellt auf ihren Internetseiten Inhalte des Vereins dar und anderen Interessenten [&hellip;]<\/p>\n","protected":false},"author":1,"featured_media":0,"parent":0,"menu_order":0,"comment_status":"closed","ping_status":"closed","template":"","meta":{"footnotes":""},"_links":{"self":[{"href":"https:\/\/gpv-ev.de\/index.php?rest_route=\/wp\/v2\/pages\/104"}],"collection":[{"href":"https:\/\/gpv-ev.de\/index.php?rest_route=\/wp\/v2\/pages"}],"about":[{"href":"https:\/\/gpv-ev.de\/index.php?rest_route=\/wp\/v2\/types\/page"}],"author":[{"embeddable":true,"href":"https:\/\/gpv-ev.de\/index.php?rest_route=\/wp\/v2\/users\/1"}],"replies":[{"embeddable":true,"href":"https:\/\/gpv-ev.de\/index.php?rest_route=%2Fwp%2Fv2%2Fcomments&post=104"}],"version-history":[{"count":10,"href":"https:\/\/gpv-ev.de\/index.php?rest_route=\/wp\/v2\/pages\/104\/revisions"}],"predecessor-version":[{"id":569,"href":"https:\/\/gpv-ev.de\/index.php?rest_route=\/wp\/v2\/pages\/104\/revisions\/569"}],"wp:attachment":[{"href":"https:\/\/gpv-ev.de\/index.php?rest_route=%2Fwp%2Fv2%2Fmedia&parent=104"}],"curies":[{"name":"wp","href":"https:\/\/api.w.org\/{rel}","templated":true}]}}

<table border="0" width="100%" align="center">
<tbody>
<tr>
<td colspan="3" height="36"><span style="font-family: verdana, geneva, sans-serif; font-size: 12pt;"><b>Gestaltpädagogische Vereinigung e.V.</b><br />
Vereinsregister 10163 Nz, Amtsgericht Charlottenburg</span></td>
</tr>
<tr>
<td valign="top" width="16%" height="105"><span style="font-family: verdana, geneva, sans-serif; font-size: 12pt;">Vorsitzende:</span></td>
<td valign="top" width="42%" height="105"><span style="font-size: 12pt; font-family: verdana, geneva, sans-serif;">Patricia Thaller<br />
Projektschule Graz<br />
Moserhofgasse 3a<br />
8010 Graz<br />
004366473761058<br />
patricia.thaller@yahoo.com</span></td>
<td valign="top" width="42%" height="105"></td>
</tr>
<tr>
<td colspan="3" valign="top" height="880"><span style="font-family: verdana, geneva, sans-serif; font-size: 12pt;"><b><br />
Nutzungsbedingungen<br />
</b></span><span style="font-size: 12pt; font-family: verdana, geneva, sans-serif;">Der Besuch der Internetseiten der GPV ev. ist Gegenstand der nachfolgenden Nutzungsbedingungen, die Sie mit dem Besuch einer oder mehrerer Seiten anerkennen.</span><span style="font-family: verdana, geneva, sans-serif; font-size: 12pt;">Die GPV ev. stellt auf ihren Internetseiten Inhalte des Vereins dar und anderen Interessenten zur allgemeinen Information zur Verfügung. </span><span style="font-family: verdana, geneva, sans-serif; font-size: 12pt;">Zweck der Informationen ist die Unterrichtung des Besuchers, nicht jedoch ein unmittelbarer Einsatz, z.B. zu gewerblichen oder technischen Zwecken.</span><span style="font-family: verdana, geneva, sans-serif; font-size: 12pt;">Die GPV ev. ist bemüht, dafür Sorge zu tragen, dass die Inhalte auf den Internetseiten zeitnah, vollständig und richtig sind, was aber auf Grund der raschen Änderung von Informationen nicht immer möglich ist.</span><span style="font-family: verdana, geneva, sans-serif; font-size: 12pt;">Es wird keinerlei Gewähr für die Aktualität, die Richtigkeit, die Vollständigkeit oder die Qualität der bereitgestellten Informationen übernommen. Haftungsansprüche, die ihren Ursprung in der Unrichtigkeit, der Unvollständigkeit oder der Missverständlichkeit der Informationen haben, sind grundsätzlich ausgeschlossen.</span><span style="font-size: 12pt; font-family: verdana, geneva, sans-serif;"> </span><span style="font-family: verdana, geneva, sans-serif; font-size: 12pt;"><b>Haftungshinweis<br />
</b></span><span style="font-family: verdana, geneva, sans-serif; font-size: 12pt;">Wir bieten auf unserer Website einige Links an, die auf fremde (externe) Webseiten verweisen. Grundsätzlich kann jeder Leser unserer Website davon ausgehen, dass diese Links auf ihren Inhalt überprüft sind. Wir verweisen also nicht auf Internet-Seiten, die rassistische, pornografische, gewaltverherrlichende oder in anderer Weise diskriminierende oder ehrverletzende Inhalte bereitstellen.<br />
Alle Seiten, auf die wir verweisen, dienen nur dem Zweck, unser Informationsangebot aus dem Bereich Gestaltpädagogik und Bildung zu erweitern. </span></p>
<p><span style="font-family: verdana, geneva, sans-serif; font-size: 12pt;">Wir kommen unserer Verantwortung für die Link-Angebote nach bestem Vermögen nach.<br />
Sollten Sie einen &#8222;bad link&#8220; finden, der mit unseren Grundsätzen unvereinbar ist, bitten wir um Nachricht an den Webmaster.<br />
webmaster(at)gpv-ev.de</span></p>
<p><strong><span style="font-size: 12pt; font-family: verdana, geneva, sans-serif;">Datenschutz/Cookie Information von Gestaltpädagogische Vereinigung GPV e. V.</span></strong><br />
<span style="font-size: 12pt; font-family: verdana, geneva, sans-serif;">(Stand: Juni 2018)</span></p>
<p><strong><span style="font-size: 12pt; font-family: verdana, geneva, sans-serif;">Erklärung zur Informationspflicht</span></strong><br />
<span style="font-size: 12pt; font-family: verdana, geneva, sans-serif;">(Datenschutzerklärung)<br />
</span><span style="font-size: 12pt; font-family: verdana, geneva, sans-serif;">Der Schutz Ihrer persönlichen Daten ist uns ein besonderes Anliegen. Wir verarbeiten Ihre Daten daher ausschließlich auf Grundlage der gesetzlichen Bestimmungen (DSGVO, TKG 2003). In diesen Datenschutzinformationen informieren wir Sie über die wichtigsten Aspekte der Datenverarbeitung im Rahmen unserer Website.</span></p>
<p><span style="font-size: 12pt; font-family: verdana, geneva, sans-serif;"><strong>Wer ist für die Datenverarbeitung verantwortlich?</strong> </span><br />
<span style="font-size: 12pt; font-family: verdana, geneva, sans-serif;">Verantwortlich für die Verarbeitung Ihrer personenbezogenen Daten im Zusammenhang mit der Nutzung dieser Internetseite: Ute Kienzl, Sternwirtweg 22b, A-8047 Graz, Österreich, ute.kienzl(at)gmx.de</span></p>
<p><strong><span style="font-size: 12pt; font-family: verdana, geneva, sans-serif;">Kontakt mit uns<br />
</span></strong><span style="font-size: 12pt; font-family: verdana, geneva, sans-serif;">Wenn Sie per Formular auf der Website oder per E-Mail Kontakt mit uns aufnehmen, werden Ihre angegebenen Daten zwecks Bearbeitung der Anfrage und für den Fall von Anschlussfragen sechs Monate bei uns gespeichert. Diese Daten geben wir nicht ohne Ihre Einwilligung weiter.</span></p>
<p><span style="font-family: verdana, geneva, sans-serif; font-size: 12pt;"><strong>Cookies<br />
</strong></span><span style="font-family: verdana, geneva, sans-serif; font-size: 12pt;">Unsere Website verwendet so genannte Cookies. Dabei handelt es sich um kleine Textdateien, die mit Hilfe des Browsers auf Ihrem Endgerät abgelegt werden. Sie richten keinen Schaden an.<br />
</span><span style="font-family: verdana, geneva, sans-serif; font-size: 12pt;">Wir nutzen Cookies dazu, unser Angebot nutzerfreundlich zu gestalten. Einige Cookies bleiben auf Ihrem Endgerät gespeichert, bis Sie diese löschen. Sie ermöglichen es uns, Ihren Browser beim nächsten Besuch wiederzuerkennen.<br />
</span><span style="font-family: verdana, geneva, sans-serif; font-size: 12pt;">Wenn Sie dies nicht wünschen, so können Sie Ihren Browser so einrichten, dass er Sie über das Setzen von Cookies informiert und Sie dies nur im Einzelfall erlauben.<br />
</span><span style="font-family: verdana, geneva, sans-serif; font-size: 12pt;">Bei der Deaktivierung von Cookies kann die Funktionalität unserer Website eingeschränkt sein.</span></p>
<p><strong><span style="font-family: verdana, geneva, sans-serif; font-size: 12pt;">Funktionseinschränkungen ohne Cookies<br />
</span></strong><span style="font-family: verdana, geneva, sans-serif; font-size: 12pt;">Wenn Sie uns generell nicht gestatten, Cookies zu nutzen, werden gewisse Funktionen und Seiten nicht wie erwartet funktionieren. Sie können jederzeit Cookies, die sich bereits auf Ihrem Computer befinden, löschen. Die Vorgangsweise dazu ist nach Browser unterschiedlich, bitte schauen Sie in Ihrer Browseranleitung nach (unter „Hilfe“ im Browsermenü)</span></p>
<p><strong><span style="font-family: verdana, geneva, sans-serif; font-size: 12pt;">Ih</span></strong><strong><span style="font-family: verdana, geneva, sans-serif; font-size: 12pt;">re Rechte<br />
</span></strong><span style="font-family: verdana, geneva, sans-serif; font-size: 12pt;">Ihnen stehen grundsätzlich die Rechte auf Auskunft, Berichtigung, Löschung, Einschränkung, Datenübertragbarkeit, Widerruf und Widerspruch zu. Wenn Sie glauben, dass die Verarbeitung Ihrer Daten gegen das Datenschutzrecht verstößt oder Ihre datenschutzrechtlichen Ansprüche sonst in einer Weise verletzt worden sind, können Sie sich bei der Aufsichtsbehörde beschweren.</span></p>
<p><span style="font-family: verdana, geneva, sans-serif; font-size: 12pt;"><strong>Wer hat Zugang zu Ihren Daten und aus welchem Grund?</strong> </span><br />
<span style="font-family: verdana, geneva, sans-serif; font-size: 12pt;">Bei Gestaltpädagogische Vereinigung GPV e.V. erhalten nur Personen Zugang zu Ihren Daten, die diese zur Erledigung der Ihnen übertragenen Aufgaben benötigen. Außerhalb von GPV e.V.  können Dienstleister, die uns bei der Erfüllung unserer Aufgaben unterstützen, Zugang zu Ihren Daten erhalten. Dies sind zum Beispiel Dienstleister, die wir mit dem Betrieb der Website, oder unserem Server beauftragt haben. Von uns eingesetzte Dienstleister müssen besondere Vertraulichkeitsanforderungen erfüllen. Sie erhalten nur in dem Umfang und für den Zeitraum Zugang zu Ihren Daten, der für die Erfüllung der Aufgaben erforderlich ist.</span></p>
<p><span style="font-family: verdana, geneva, sans-serif; font-size: 12pt;"><strong>Werden Daten außerhalb der Europäischen Union verarbeitet?</strong> </span><br />
<span style="font-family: verdana, geneva, sans-serif; font-size: 12pt;">Nein</span></p>
<p><span style="font-family: verdana, geneva, sans-serif; font-size: 12pt;"><strong>An wen können Sie sich bei Fragen zur Datenverarbeitung wenden?</strong> </span><br />
<span style="font-family: verdana, geneva, sans-serif; font-size: 12pt;">Fragen zur Verarbeitung Ihrer Daten können Sie jederzeit an den Datenschutzbeauftragten richten: Ute Kienzl, Sternwirtweg 22b, A-8047 Graz, Österreich, ute.kienzl(at)gmx.de</span></td>
</tr>
</tbody>
</table>

<p>Gestaltpädagogische Vereinigung e.V. Vereinsregister 10163 Nz, Amtsgericht Charlottenburg Vorsitzende: Patricia Thaller Projektschule Graz Moserhofgasse 3a 8010 Graz 004366473761058 patricia.thaller@yahoo.com Nutzungsbedingungen Der Besuch der Internetseiten der GPV ev. ist Gegenstand der nachfolgenden Nutzungsbedingungen, die Sie mit dem Besuch einer oder mehrerer Seiten anerkennen.Die GPV ev. stellt auf ihren Internetseiten Inhalte des Vereins dar und anderen Interessenten [&hellip;]</p>
